e
Suppose 3*n - 5*n = 24. Let q = 43 + n. Is q prime?
True
Suppose -r = 3*i - 79775, 2*i + 5*r = i + 26601. Is i prime?
True
Suppose 4*t = -58 + 22. Let d = 13 + t. Suppose 3*v + 30 = d*v + 2*s, -4*s + 174 = 5*v. Is v a composite number?
True
Suppose -3*u + 4*z = 6*z - 16, 0 = u - 3*z + 13. Let f be (23 - 5) + u + 0. Let j = f - -19. Is j prime?
False
Let v(k) = -k + 6. Let u be v(5). Let h = 6 - u. Suppose h*s = 494 + 301. Is s composite?
True
Let o(m) = 53*m + 21. Let j be o(7). Suppose -l + j = -417. Is l composite?
False
Suppose 6*f - 20464 = 22946. Is f composite?
True
Suppose -4*w + 5*w - u = 10641, w + 2*u - 10635 = 0. Is w a prime number?
True
Is (321/(-6))/(-7 - (-207)/30) prime?
False
Let m = 1726 + 3651. Is m a composite number?
True
Suppose -4*n - 1 + 0 = -5*r, -5*r = n + 19. Let b = 5 + n. Is ((-48)/32)/(b/(-82)) prime?
False
Suppose 0 = 7*i - 10*i + 18. Suppose 5*k + 15 = -2*v, -2*v = -i*v + 3*k + 35. Suppose 4*c + v*s = c + 597, 5*s + 761 = 4*c. Is c a composite number?
True
Suppose 0 = 5*f - 22*f. Suppose f*s + 3*s - 2343 = 0. Is s prime?
False
Let d(r) = r**2 + 9*r + 10. Let o = 1 - 5. Let p be (-824)/52 - o/(-26). Is d(p) a composite number?
True
Suppose 5044 = 4*s - 84. Is s/(-6)*(-18)/6 a composite number?
False
Is (-607562 - 8)/10*-1 composite?
False
Let n = 57 + -20. Let g be 1*(-4)/1 - n. Let v = 368 - g. Is v a prime number?
True
Let i(b) = 29*b**3 - 8*b**2 + 15*b - 7. Is i(3) a prime number?
False
Let k(c) = c**3 + 11*c**2 + 11*c + 15. Let f be k(-10). Suppose 5*x + 210 = f*m, 22 = m - 4*x - x. Suppose 4*y - 3*y - m = 0. Is y a prime number?
True
Let w = -27753 - -59420. Is w a composite number?
False
Let c(i) be the third derivative of -33*i**4/8 + 4*i**3/3 - 9*i**2. Let m be c(-5). Suppose -3*n + 130 + m = 0. Is n a prime number?
True
Let o(i) = -4*i**3 - 18*i**2 - 13*i + 30. Let k be o(-13). Suppose 0 = -5*v - 2*y + k, -4*y + 7*y = 0. Is v a prime number?
False
Let l(j) = 4*j - 4 + j**3 + 0*j**2 - j**2 + 4 + 5. Let c be l(4). Suppose 3*z + 0*z = c. Is z prime?
True
Let m = -56282 + 80451. Is m a composite number?
False
Suppose -2*l = -9343 - 11287. Is l prime?
False
Let z be (-2*2/4)/((-3)/(-12)). Let p(d) = -32*d**3 + d**2 + 4*d - 3. Is p(z) a composite number?
True
Let d = -553 + 870. Is d composite?
False
Let p be ((-36)/8)/(2/(-52)). Suppose -4 - 1 = 5*m, 2*d - 4*m = 36. Let g = p + d. Is g a prime number?
False
Suppose -4*z + 321 = 13. Let j = 29 + z. Is j a composite number?
True
Let l(g) be the first derivative of 10*g**3/3 + 3*g**2/2 - 5*g + 2. Let v(f) = -5*f - 14. Let m be v(-4). Is l(m) composite?
False
Let c(g) = 210*g - 25. Let u(i) = -i + 1. Let l(j) = -c(j) - 4*u(j). Let f be l(-11). Suppose -2*x - y = -f, 3*x - y - 3428 = -2*y. Is x composite?
True
Let m(r) = 22*r**2 - 29*r - 1. Is m(-24) a prime number?
True
Let o be 83*16 - (-1 - 2). Let n = o - 452. Suppose w + 4*w - 1459 = 2*m, 3*w = 3*m + n. Is w composite?
True
Suppose 23*w - 55732 - 220521 = 0. Is w a prime number?
True
Let f(y) be the third derivative of -y**4/24 + 5*y**3/3 + 7*y**2. Let d be f(8). Suppose 5*n + z = 1891, -d*n = -0*n + 4*z - 742. Is n prime?
True
Suppose -3*h - 5*o = 23, 6*o - 3*o = 3*h + 15. Let u = -231 + 222. Is 3*47*h/u composite?
True
Let c = 3311 + -582. Is c a prime number?
True
Is 3813/9*84/28 composite?
True
Let t = -54 + 59. Suppose t*g + 4*d - 1855 = 0, 0*g + 3*d = -3*g + 1116. Is g a composite number?
False
Let s be ((-40)/12 + 4)*15. Suppose -12 = -3*h + 3*a, 4*h - s - 1 = -a. Suppose -h*o + 158 = j, -3*j = -j + 4*o - 310. Is j prime?
True
Let m(n) = 82*n - 52. Let x(j) = -41*j + 26. Let f(t) = -3*m(t) - 5*x(t). Is f(-9) a prime number?
False
Let q = 29 + -29. Suppose -4*v + p + 4*p + 8712 = q, 5*p + 4346 = 2*v. Is v composite?
True
Suppose n - 16 = -7*n. Suppose -3*g + 4*t + 2601 = 0, -n*t + 3446 = g + 3*g. Is g a composite number?
False
Suppose -60*q + 1114268 + 1907152 = 0. Is q a prime number?
False
Let s(v) = v + 2. Let u be s(7). Suppose 0 = 8*m - u*m + 35. Suppose b + 4 = m. Is b prime?
True
Suppose 0 = -11*f + 6*f - l - 9, -6 = 2*f + l. Is -2 + ((-3)/f - -2472) prime?
True
Let a(y) = -y - 9. Let t be a(-5). Let i be (-3 + t + 5)/(-1). Suppose i*j - 800 = -5*l, -2*l = j - 165 - 156. Is l a composite number?
True
Is 43391*(-1 - 0)/(-1) a composite number?
False
Let q(o) = -o**3 + o**2 + 17*o + 6. Let d be q(-14). Let u = d + -1051. Is u a prime number?
True
Let y(h) = -h + 17. Let g be y(9). Let p = 11 - g. Suppose p*v - 12 = 0, 2*o - v - 212 = 20. Is o a composite number?
True
Suppose -69555 = -21*l + 12786. Is l composite?
True
Let v(s) = -1070*s - 3. Is v(-1) prime?
False
Let m = 3263 + -2033. Suppose -4*a = -278 - m. Is a a prime number?
False
Let w(a) = -a**2 - 7*a + 8. Let z be w(-8). Suppose n + 210 = -z*n. Is n/(1 - 2) - -1 prime?
True
Let o be ((-4)/(-9)*3)/(2/3). Suppose 4*b = 3*y + 5*b - 2753, 0 = -2*y + o*b + 1830. Is y a prime number?
False
Let g(z) be the first derivative of 2*z**3 - 3*z**2/2 - 11*z - 1. Is g(-8) a composite number?
False
Suppose 45 = 9*s - 6*s. Let y be 2*(-2 + (s - -1)). Is (-129)/(-21) - 4/y composite?
True
Suppose -c = 112 - 1011. Let j be 42/70 + (-1263)/5. Let h = c + j. Is h prime?
True
Suppose 5*o = -3*x + 1, o + 9 = 4*x - 0*o. Suppose 0 = -2*i + 4*b - 2*b + 414, -8 = -x*b. Is i a prime number?
True
Let u = -93 - -148. Is u composite?
True
Let o = 52 - 32. Let q be ((-426)/(-5))/((-3)/o). Let x = -229 - q. Is x a composite number?
True
Let k = -34380 - -54793. Is k prime?
False
Let t = 3520 + -2335. Suppose -t = -5*b - 10*b. Is b composite?
False
Let x = 99 + -95. Suppose q = 3*q - x*m - 446, -3*m + 669 = 3*q. Is q composite?
False
Is 8865 - (4 - (0 - 2)) a composite number?
True
Let r be (1 - -3) + -1 + 14086 + 1. Suppose 0 = 5*j + 5*k - r, 5*j + 2*k = j + 11274. Is j a prime number?
True
Let y(w) be the third derivative of 13*w**6/120 - w**5/20 - 5*w**3/6 + 5*w**2. Is y(3) a composite number?
True
Let k(x) = -x**3 + 5*x**2 - 3*x + 1. Let l be k(3). Suppose -5*i = l, -3*i - 965 = -5*b + 2*i. Is b prime?
True
Suppose -8087 + 824 = -2*h - 5*k, 4*h + k - 14499 = 0. Suppose 4*b - c - h = 0, -c - 903 = b - 2*b. Is b composite?
False
Let d = 7293 - 4280. Is d a composite number?
True
Let h be (8/14)/(24/84). Suppose v = 3*r - 2*r + 19, 3*v - 53 = h*r. Is v prime?
False
Is (-33)/44 - 66165/(-12) a composite number?
True
Suppose 24*j - 6*j = 126018. Is j prime?
True
Suppose 0*z = 4*g - 3*z + 17, -4*g - 5*z = -7. Let t(x) = 96*x**2 + x - 3. Is t(g) prime?
True
Suppose -7*h + 3*h = l + 334, 4*l = -h - 91. Let p = 14 - h. Is p a composite number?
False
Let h = -106 + 108. Suppose -h*w = 2*m - 4*w - 8624, -2*w + 4321 = m. Is m prime?
False
Let v = 44 + -38. Suppose v*h - 4*h - 3562 = 0. Is h a prime number?
False
Suppose a - 2*a - 2655 = 0. Let d = 3948 + a. Is d a prime number?
False
Is (-347998)/(-13) - 3/39 a composite number?
True
Suppose 3*c + 821 + 586 = 0. Let m = c + 116. Is m/(-1 + 3 - 3) composite?
False
Let x = -90 - -89. Let n be 2*(-2)/(-4)*1. Is (-4755)/5*x*n composite?
True
Suppose 2*v = 4 - 8. Is (-1 - 886/v) + 1 a prime number?
True
Let t = 30 + -27. Suppose 28 = 2*l - a - 7, t*a = l - 10. Is l prime?
True
Suppose 3*z = 3*s + 6*z - 1158, 1537 = 4*s - 3*z. Suppose 4 = 2*c + l - 5, 9 = 3*c + 3*l. Suppose 0 = -c*r + r + s. Is r a composite number?
True
Let c(n) = 2954*n - 51. Is c(13) a composite number?
False
Let n be (-3 - -3)/2 - -2. Suppose -n*y + 12 = y. Suppose 6*l - y*l = 598. Is l a composite number?
True
Let k be 100/70 - 8/(-14). Suppose -g + 2033 - 560 = t, k*t + 4*g - 2950 = 0. Is t prime?
True
Let w = 4569 + 1628. Is w a composite number?
False
Suppose 0 = -2*o + p - 86, -3*p = o + 2 + 34. Is (28/o)/(2/(-267)) a composite number?
False
Let v be (20 + 10)*2/5. Is ((-46)/6)/((-2)/v) composite?
True
Let a(m) = 38*m + 13. Let d be a(7). Let c be (-9 - 3) + (1 - 1). Is d/5 - c/(-15) composite?
True
Let h = 13 - -45. Suppose 2*l - h = 16. Is l prime?
True
Let o = -82 + 289. Let h(c) = -c - 21. Let r be h(-26). Suppose -3*g + 103 = 2*y, r*y = y - 5*g + o. Is y composite?
False
Suppose -88*g + 83*g = -2*c - 627351, -3*g - 2*c = -376417. Is g prime?
True
Let o be -1*4*225/(-12). Suppose -73*b = -o*b + 3022. Is b composite?
False
Let j(y) = -6 + 2*y + 3 + 4 